{"id":406,"date":"2023-09-13T12:13:46","date_gmt":"2023-09-13T12:13:46","guid":{"rendered":"https:\/\/g5transports.ma\/?page_id=406"},"modified":"2026-04-09T09:59:20","modified_gmt":"2026-04-09T09:59:20","slug":"moyens","status":"publish","type":"page","link":"https:\/\/g5transports.ma\/?page_id=406","title":{"rendered":"Moyens"},"content":{"rendered":"\n<div class=\"wp-block-group gutenify-section-bb745150-56f6-11ee-90cc-c50cfdaf656e has-background-background-color has-background is-layout-constrained wp-container-core-group-is-layout-c10fee44 wp-block-group-is-layout-constrained gtfy-42\" style=\"border-style:none;border-width:0px;padding-top:80px;padding-right:30px;padding-bottom:80px;padding-left:30px\">\n<div class=\"wp-block-group alignwide gutenify-section-bb5382e0-56f6-11ee-90cc-c50cfdaf656e is-layout-flow wp-container-core-group-is-layout-9e40f159 wp-block-group-is-layout-flow gtfy-4\" style=\"padding-bottom:30px\">\n<div class=\"wp-block-group gutenify-section-bb52bf90-56f6-11ee-90cc-c50cfdaf656e is-layout-constrained wp-container-core-group-is-layout-f738f5b1 wp-block-group-is-layout-constrained gtfy-2\">\n<h2 class=\"wp-block-heading has-text-align-center animated animated-fadeInUp gutenify-section-bb51fc40-56f6-11ee-90cc-c50cfdaf656e has-slider-title-font-size gtfy-1\" style=\"line-height:1.3;text-transform:capitalize\">Nos Moyens<\/h2>\n<\/div>\n\n\n\n<hr class=\"wp-block-separator has-alpha-channel-opacity gtfy-3\"\/>\n<\/div>\n\n\n\n<div class=\"wp-block-columns alignfull gutenify-section-bb733fe0-56f6-11ee-90cc-c50cfdaf656e is-layout-flex wp-container-core-columns-is-layout-643ced6b wp-block-columns-is-layout-flex gtfy-41\">\n<div class=\"wp-block-column is-vertically-aligned-center gutenify-section-bb5d9500-56f6-11ee-90cc-c50cfdaf656e is-layout-flow wp-block-column-is-layout-flow gtfy-13\">\n<div class=\"wp-block-group alignwide has-no-hover-shadow-dark animated animated-fadeInUp gutenify-section-bb5c8390-56f6-11ee-90cc-c50cfdaf656e has-background-background-color has-background is-layout-constrained wp-container-core-group-is-layout-c610529f wp-block-group-is-layout-constrained gtfy-12\" style=\"padding-top:0px;padding-right:0px;padding-bottom:0px;padding-left:0px\">\n<div class=\"wp-block-group gutenify-section-bb57a190-56f6-11ee-90cc-c50cfdaf656e is-layout-flow wp-container-core-group-is-layout-e2cac20a wp-block-group-is-layout-flow gtfy-6\" style=\"padding-bottom:0px\">\n<figure class=\"wp-block-image aligncenter size-large is-resized has-custom-border gutenify-section-bb56de40-56f6-11ee-90cc-c50cfdaf656e gtfy-5\"><img fetchpriority=\"high\" decoding=\"async\" width=\"1024\" height=\"680\" src=\"https:\/\/g5transports.ma\/wp-content\/uploads\/2019\/04\/banner_slider_2-1024x680.jpg\" alt=\"\" class=\"wp-image-135\" style=\"border-radius:0px;aspect-ratio:1.4776119402985075;object-fit:cover;width:186px;height:auto\" srcset=\"https:\/\/g5transports.ma\/wp-content\/uploads\/2019\/04\/banner_slider_2-1024x680.jpg 1024w, https:\/\/g5transports.ma\/wp-content\/uploads\/2019\/04\/banner_slider_2-300x199.jpg 300w, https:\/\/g5transports.ma\/wp-content\/uploads\/2019\/04\/banner_slider_2-768x510.jpg 768w, https:\/\/g5transports.ma\/wp-content\/uploads\/2019\/04\/banner_slider_2-1536x1021.jpg 1536w, https:\/\/g5transports.ma\/wp-content\/uploads\/2019\/04\/banner_slider_2.jpg 1550w\" sizes=\"(max-width: 1024px) 100vw, 1024px\" \/><\/figure>\n<\/div>\n\n\n\n<div class=\"wp-block-group gutenify-section-bb5b7220-56f6-11ee-90cc-c50cfdaf656e is-layout-constrained wp-container-core-group-is-layout-b45ee96f wp-block-group-is-layout-constrained gtfy-11\" style=\"padding-top:40px;padding-right:40px;padding-bottom:40px;padding-left:40px\">\n<h3 class=\"wp-block-heading has-text-align-left gutenify-section-bb5864e0-56f6-11ee-90cc-c50cfdaf656e has-medium-font-size gtfy-7\" style=\"margin-bottom:var(--wp--preset--spacing--30)\">Tautliner<\/h3>\n\n\n\n<p class=\"has-text-align-left gutenify-section-bb592830-56f6-11ee-90cc-c50cfdaf656e gtfy-8\">Sp\u00e9cialement con\u00e7u pour assurer un transport routier en garantissant un niveau de s\u00e9curit\u00e9 optimal.<\/p>\n\n\n\n<div class=\"wp-block-buttons gutenify-section-bb5aaed0-56f6-11ee-90cc-c50cfdaf656e is-content-justification-left is-layout-flex wp-container-core-buttons-is-layout-0294bfdf wp-block-buttons-is-layout-flex gtfy-10\" style=\"margin-top:20px\">\n<div class=\"wp-block-button is-style-fill gutenify-section-bb59eb80-56f6-11ee-90cc-c50cfdaf656e gtfy-9\"><a class=\"wp-block-button__link wp-element-button\" href=\"https:\/\/g5transports.ma\/?page_id=596\" style=\"padding-top:var(--wp--preset--spacing--30);padding-bottom:var(--wp--preset--spacing--30)\">En savoir plus<\/a><\/div>\n<\/div>\n<\/div>\n<\/div>\n<\/div>\n\n\n\n<div class=\"wp-block-column is-vertically-aligned-center gutenify-section-bb6731f0-56f6-11ee-90cc-c50cfdaf656e is-layout-flow wp-block-column-is-layout-flow gtfy-22\" style=\"border-style:none;border-width:0px\">\n<div class=\"wp-block-group alignwide has-no-hover-shadow-dark animated animated-fadeInUp gutenify-section-bb664790-56f6-11ee-90cc-c50cfdaf656e has-background-background-color has-background is-layout-constrained wp-container-core-group-is-layout-c610529f wp-block-group-is-layout-constrained gtfy-21\" style=\"border-left-style:none;border-left-width:0px;padding-top:0px;padding-right:0px;padding-bottom:0px;padding-left:0px\">\n<div class=\"wp-block-group gutenify-section-bb607b30-56f6-11ee-90cc-c50cfdaf656e is-layout-flow wp-block-group-is-layout-flow gtfy-15\" style=\"padding-bottom:0px\">\n<figure class=\"wp-block-image aligncenter size-large is-resized has-custom-border gutenify-section-bb5ea670-56f6-11ee-90cc-c50cfdaf656e gtfy-14\"><img decoding=\"async\" width=\"1024\" height=\"657\" src=\"https:\/\/g5transports.ma\/wp-content\/uploads\/2023\/09\/p038859.png-1-1024x657.webp\" alt=\"\" class=\"wp-image-658\" style=\"border-radius:0px;aspect-ratio:1.4776119402985075;width:183px;height:auto\" srcset=\"https:\/\/g5transports.ma\/wp-content\/uploads\/2023\/09\/p038859.png-1-1024x657.webp 1024w, https:\/\/g5transports.ma\/wp-content\/uploads\/2023\/09\/p038859.png-1-300x193.webp 300w, https:\/\/g5transports.ma\/wp-content\/uploads\/2023\/09\/p038859.png-1-768x493.webp 768w, https:\/\/g5transports.ma\/wp-content\/uploads\/2023\/09\/p038859.png-1.webp 1200w\" sizes=\"(max-width: 1024px) 100vw, 1024px\" \/><\/figure>\n<\/div>\n\n\n\n<div class=\"wp-block-group gutenify-section-bb655d30-56f6-11ee-90cc-c50cfdaf656e is-layout-constrained wp-container-core-group-is-layout-b45ee96f wp-block-group-is-layout-constrained gtfy-20\" style=\"padding-top:40px;padding-right:40px;padding-bottom:40px;padding-left:40px\">\n<h3 class=\"wp-block-heading has-text-align-left gutenify-section-bb616590-56f6-11ee-90cc-c50cfdaf656e has-medium-font-size gtfy-16\" style=\"margin-top:0px;margin-right:0px;margin-bottom:var(--wp--preset--spacing--30);margin-left:0px\">Citerne<\/h3>\n\n\n\n<p class=\"has-text-align-left gutenify-section-bb624ff0-56f6-11ee-90cc-c50cfdaf656e gtfy-17\">Transport d\u2019hydrocarbures au d\u00e9part du site p\u00e9trolier vers les revendeurs de carburants.<\/p>\n\n\n\n<div class=\"wp-block-buttons gutenify-section-bb6472d0-56f6-11ee-90cc-c50cfdaf656e is-content-justification-left is-layout-flex wp-container-core-buttons-is-layout-0294bfdf wp-block-buttons-is-layout-flex gtfy-19\" style=\"margin-top:20px\">\n<div class=\"wp-block-button is-style-fill gutenify-section-bb633a50-56f6-11ee-90cc-c50cfdaf656e gtfy-18\"><a class=\"wp-block-button__link wp-element-button\" href=\"https:\/\/g5transports.ma\/?page_id=597\" style=\"padding-top:var(--wp--preset--spacing--30);padding-bottom:var(--wp--preset--spacing--30)\">En savoir plus<\/a><\/div>\n<\/div>\n<\/div>\n<\/div>\n<\/div>\n\n\n\n<div class=\"wp-block-column is-vertically-aligned-top gutenify-section-bb722e70-56f6-11ee-90cc-c50cfdaf656e is-layout-flow wp-block-column-is-layout-flow gtfy-31\">\n<div class=\"wp-block-group alignwide has-no-hover-shadow-dark animated animated-fadeInUp gutenify-section-bb711d00-56f6-11ee-90cc-c50cfdaf656e has-background-background-color has-background is-layout-constrained wp-container-core-group-is-layout-c610529f wp-block-group-is-layout-constrained gtfy-30\" style=\"border-top-style:none;border-top-width:0px;border-right-style:none;border-right-width:0px;border-bottom-style:none;border-bottom-width:0px;border-left-color:#f8f2f2;border-left-style:none;border-left-width:0px;padding-top:0px;padding-right:0px;padding-bottom:0px;padding-left:0px\">\n<div class=\"wp-block-group gutenify-section-bb697be0-56f6-11ee-90cc-c50cfdaf656e is-layout-flow wp-block-group-is-layout-flow gtfy-24\" style=\"padding-bottom:0px\">\n<figure class=\"wp-block-image aligncenter size-full has-custom-border gutenify-section-bb684360-56f6-11ee-90cc-c50cfdaf656e gtfy-23\"><img decoding=\"async\" width=\"400\" height=\"400\" src=\"https:\/\/g5transports.ma\/wp-content\/uploads\/2019\/04\/3col-5.jpg\" alt=\"\" class=\"wp-image-274\" style=\"border-radius:0px;aspect-ratio:1.5597014925373134;object-fit:cover\" srcset=\"https:\/\/g5transports.ma\/wp-content\/uploads\/2019\/04\/3col-5.jpg 400w, https:\/\/g5transports.ma\/wp-content\/uploads\/2019\/04\/3col-5-300x300.jpg 300w, https:\/\/g5transports.ma\/wp-content\/uploads\/2019\/04\/3col-5-150x150.jpg 150w\" sizes=\"(max-width: 400px) 100vw, 400px\" \/><\/figure>\n<\/div>\n\n\n\n<div class=\"wp-block-group gutenify-section-bb700b90-56f6-11ee-90cc-c50cfdaf656e is-layout-constrained wp-container-core-group-is-layout-b45ee96f wp-block-group-is-layout-constrained gtfy-29\" style=\"padding-top:40px;padding-right:40px;padding-bottom:40px;padding-left:40px\">\n<h3 class=\"wp-block-heading has-text-align-left gutenify-section-bb6bc5d0-56f6-11ee-90cc-c50cfdaf656e has-medium-font-size gtfy-25\" style=\"margin-bottom:var(--wp--preset--spacing--30)\">Frigo<\/h3>\n\n\n\n<p class=\"has-text-align-left gutenify-section-bb6cd740-56f6-11ee-90cc-c50cfdaf656e gtfy-26\">Solution fiable pour le transport de produits frais dans des conditions optimales et respect des normes.<\/p>\n\n\n\n<div class=\"wp-block-buttons gutenify-section-bb6efa20-56f6-11ee-90cc-c50cfdaf656e is-content-justification-left is-layout-flex wp-container-core-buttons-is-layout-0294bfdf wp-block-buttons-is-layout-flex gtfy-28\" style=\"margin-top:20px\">\n<div class=\"wp-block-button is-style-fill gutenify-section-bb6de8b0-56f6-11ee-90cc-c50cfdaf656e gtfy-27\"><a class=\"wp-block-button__link wp-element-button\" href=\"https:\/\/g5transports.ma\/?page_id=594\" style=\"padding-top:var(--wp--preset--spacing--30);padding-bottom:var(--wp--preset--spacing--30)\">En savoir plus<\/a><\/div>\n<\/div>\n<\/div>\n<\/div>\n<\/div>\n\n\n\n<div class=\"wp-block-column is-vertically-aligned-top gutenify-section-bb6731f0-56f6-11ee-90cc-c50cfdaf656e is-layout-flow wp-block-column-is-layout-flow gtfy-40\" style=\"border-style:none;border-width:0px\">\n<div class=\"wp-block-group alignwide has-no-hover-shadow-dark animated animated-fadeInUp gutenify-section-bb664790-56f6-11ee-90cc-c50cfdaf656e has-background-background-color has-background is-layout-constrained wp-container-core-group-is-layout-c610529f wp-block-group-is-layout-constrained gtfy-39\" style=\"border-left-style:none;border-left-width:0px;padding-top:0px;padding-right:0px;padding-bottom:0px;padding-left:0px\">\n<div class=\"wp-block-group gutenify-section-bb607b30-56f6-11ee-90cc-c50cfdaf656e is-layout-flow wp-block-group-is-layout-flow gtfy-33\" style=\"padding-bottom:0px\">\n<figure class=\"wp-block-image aligncenter size-large is-resized has-custom-border gutenify-section-bb5ea670-56f6-11ee-90cc-c50cfdaf656e gtfy-32\"><img loading=\"lazy\" decoding=\"async\" width=\"1024\" height=\"757\" src=\"https:\/\/g5transports.ma\/wp-content\/uploads\/2025\/01\/Capture-decran-2025-01-06-a-13.03.21-1-1024x757.png\" alt=\"\" class=\"wp-image-858\" style=\"border-radius:0px;aspect-ratio:1.3528344187039607;width:170px;height:auto\" srcset=\"https:\/\/g5transports.ma\/wp-content\/uploads\/2025\/01\/Capture-decran-2025-01-06-a-13.03.21-1-1024x757.png 1024w, https:\/\/g5transports.ma\/wp-content\/uploads\/2025\/01\/Capture-decran-2025-01-06-a-13.03.21-1-300x222.png 300w, https:\/\/g5transports.ma\/wp-content\/uploads\/2025\/01\/Capture-decran-2025-01-06-a-13.03.21-1-768x567.png 768w, https:\/\/g5transports.ma\/wp-content\/uploads\/2025\/01\/Capture-decran-2025-01-06-a-13.03.21-1.png 1294w\" sizes=\"(max-width: 1024px) 100vw, 1024px\" \/><\/figure>\n<\/div>\n\n\n\n<div class=\"wp-block-group alignwide gutenify-section-bb655d30-56f6-11ee-90cc-c50cfdaf656e is-layout-constrained wp-container-core-group-is-layout-b45ee96f wp-block-group-is-layout-constrained gtfy-38\" style=\"padding-top:40px;padding-right:40px;padding-bottom:40px;padding-left:40px\">\n<h3 class=\"wp-block-heading has-text-align-left gutenify-section-bb616590-56f6-11ee-90cc-c50cfdaf656e has-medium-font-size gtfy-34\" style=\"margin-top:0px;margin-right:0px;margin-bottom:var(--wp--preset--spacing--30);margin-left:0px\">Plateau<\/h3>\n\n\n\n<p class=\"has-text-align-left gutenify-section-bb624ff0-56f6-11ee-90cc-c50cfdaf656e gtfy-35\">Transport s\u00e9curis\u00e9\u00a0<div>de marchandisevolumineuse et hors gabarit sur plateau adapt\u00e9.<\/div><\/p>\n\n\n\n<div class=\"wp-block-buttons gutenify-section-bb6472d0-56f6-11ee-90cc-c50cfdaf656e is-content-justification-left is-layout-flex wp-container-core-buttons-is-layout-0294bfdf wp-block-buttons-is-layout-flex gtfy-37\" style=\"margin-top:20px\">\n<div class=\"wp-block-button is-style-fill gutenify-section-bb633a50-56f6-11ee-90cc-c50cfdaf656e gtfy-36\"><a class=\"wp-block-button__link wp-element-button\" href=\"https:\/\/g5transports.ma\/?page_id=830\" style=\"padding-top:var(--wp--preset--spacing--30);padding-bottom:var(--wp--preset--spacing--30)\">En savoir plus<\/a><\/div>\n<\/div>\n<\/div>\n<\/div>\n<\/div>\n<\/div>\n<\/div>\n\n\n\n<p class=\"gutenify-section-15601060-b8c5-11ef-957e-3f8ca0e95960 gtfy-45\"><\/p>\n","protected":false},"excerpt":{"rendered":"<p>Nos Moyens Tautliner Sp\u00e9cialement con\u00e7u pour assurer un transport routier en garantissant un niveau de [&hellip;]<\/p>\n","protected":false},"author":1,"featured_media":0,"parent":0,"menu_order":0,"comment_status":"closed","ping_status":"closed","template":"","meta":{"footnotes":""},"class_list":["post-406","page","type-page","status-publish","hentry"],"yoast_head":"<!-- This site is optimized with the Yoast SEO plugin v27.4 - https:\/\/yoast.com\/product\/yoast-seo-wordpress\/ -->\n<title>Moyens - G5 Transports<\/title>\n<meta name=\"robots\" content=\"index, follow, max-snippet:-1, max-image-preview:large, max-video-preview:-1\" \/>\n<link rel=\"canonical\" href=\"https:\/\/g5transports.ma\/?page_id=406\" \/>\n<meta property=\"og:locale\" content=\"fr_FR\" \/>\n<meta property=\"og:type\" content=\"article\" \/>\n<meta property=\"og:title\" content=\"Moyens - G5 Transports\" \/>\n<meta property=\"og:description\" content=\"Nos Moyens Tautliner Sp\u00e9cialement con\u00e7u pour assurer un transport routier en garantissant un niveau de [&hellip;]\" \/>\n<meta property=\"og:url\" content=\"https:\/\/g5transports.ma\/?page_id=406\" \/>\n<meta property=\"og:site_name\" content=\"G5 Transports\" \/>\n<meta property=\"article:modified_time\" content=\"2026-04-09T09:59:20+00:00\" \/>\n<meta property=\"og:image\" content=\"https:\/\/g5transports.ma\/wp-content\/uploads\/2019\/04\/banner_slider_2.jpg\" \/>\n\t<meta property=\"og:image:width\" content=\"1550\" \/>\n\t<meta property=\"og:image:height\" content=\"1030\" \/>\n\t<meta property=\"og:image:type\" content=\"image\/jpeg\" \/>\n<meta name=\"twitter:card\" content=\"summary_large_image\" \/>\n<meta name=\"twitter:label1\" content=\"Dur\u00e9e de lecture estim\u00e9e\" \/>\n\t<meta name=\"twitter:data1\" content=\"2 minutes\" \/>\n<script type=\"application\/ld+json\" class=\"yoast-schema-graph\">{\"@context\":\"https:\\\/\\\/schema.org\",\"@graph\":[{\"@type\":\"WebPage\",\"@id\":\"https:\\\/\\\/g5transports.ma\\\/?page_id=406\",\"url\":\"https:\\\/\\\/g5transports.ma\\\/?page_id=406\",\"name\":\"Moyens - G5 Transports\",\"isPartOf\":{\"@id\":\"https:\\\/\\\/g5transports.ma\\\/#website\"},\"primaryImageOfPage\":{\"@id\":\"https:\\\/\\\/g5transports.ma\\\/?page_id=406#primaryimage\"},\"image\":{\"@id\":\"https:\\\/\\\/g5transports.ma\\\/?page_id=406#primaryimage\"},\"thumbnailUrl\":\"https:\\\/\\\/g5transports.ma\\\/wp-content\\\/uploads\\\/2019\\\/04\\\/banner_slider_2-1024x680.jpg\",\"datePublished\":\"2023-09-13T12:13:46+00:00\",\"dateModified\":\"2026-04-09T09:59:20+00:00\",\"breadcrumb\":{\"@id\":\"https:\\\/\\\/g5transports.ma\\\/?page_id=406#breadcrumb\"},\"inLanguage\":\"fr-FR\",\"potentialAction\":[{\"@type\":\"ReadAction\",\"target\":[\"https:\\\/\\\/g5transports.ma\\\/?page_id=406\"]}]},{\"@type\":\"ImageObject\",\"inLanguage\":\"fr-FR\",\"@id\":\"https:\\\/\\\/g5transports.ma\\\/?page_id=406#primaryimage\",\"url\":\"https:\\\/\\\/g5transports.ma\\\/wp-content\\\/uploads\\\/2019\\\/04\\\/banner_slider_2.jpg\",\"contentUrl\":\"https:\\\/\\\/g5transports.ma\\\/wp-content\\\/uploads\\\/2019\\\/04\\\/banner_slider_2.jpg\",\"width\":1550,\"height\":1030},{\"@type\":\"BreadcrumbList\",\"@id\":\"https:\\\/\\\/g5transports.ma\\\/?page_id=406#breadcrumb\",\"itemListElement\":[{\"@type\":\"ListItem\",\"position\":1,\"name\":\"Accueil\",\"item\":\"https:\\\/\\\/g5transports.ma\\\/\"},{\"@type\":\"ListItem\",\"position\":2,\"name\":\"Moyens\"}]},{\"@type\":\"WebSite\",\"@id\":\"https:\\\/\\\/g5transports.ma\\\/#website\",\"url\":\"https:\\\/\\\/g5transports.ma\\\/\",\"name\":\"G5 Transports\",\"description\":\"La solution pour le transport routier de vos marchandises.\",\"publisher\":{\"@id\":\"https:\\\/\\\/g5transports.ma\\\/#organization\"},\"potentialAction\":[{\"@type\":\"SearchAction\",\"target\":{\"@type\":\"EntryPoint\",\"urlTemplate\":\"https:\\\/\\\/g5transports.ma\\\/?s={search_term_string}\"},\"query-input\":{\"@type\":\"PropertyValueSpecification\",\"valueRequired\":true,\"valueName\":\"search_term_string\"}}],\"inLanguage\":\"fr-FR\"},{\"@type\":\"Organization\",\"@id\":\"https:\\\/\\\/g5transports.ma\\\/#organization\",\"name\":\"G5 Transports\",\"url\":\"https:\\\/\\\/g5transports.ma\\\/\",\"logo\":{\"@type\":\"ImageObject\",\"inLanguage\":\"fr-FR\",\"@id\":\"https:\\\/\\\/g5transports.ma\\\/#\\\/schema\\\/logo\\\/image\\\/\",\"url\":\"https:\\\/\\\/g5transports.ma\\\/wp-content\\\/uploads\\\/2023\\\/09\\\/Logo-1-1.jpg\",\"contentUrl\":\"https:\\\/\\\/g5transports.ma\\\/wp-content\\\/uploads\\\/2023\\\/09\\\/Logo-1-1.jpg\",\"width\":2000,\"height\":1500,\"caption\":\"G5 Transports\"},\"image\":{\"@id\":\"https:\\\/\\\/g5transports.ma\\\/#\\\/schema\\\/logo\\\/image\\\/\"}}]}<\/script>\n<!-- \/ Yoast SEO plugin. -->","yoast_head_json":{"title":"Moyens - G5 Transports","robots":{"index":"index","follow":"follow","max-snippet":"max-snippet:-1","max-image-preview":"max-image-preview:large","max-video-preview":"max-video-preview:-1"},"canonical":"https:\/\/g5transports.ma\/?page_id=406","og_locale":"fr_FR","og_type":"article","og_title":"Moyens - G5 Transports","og_description":"Nos Moyens Tautliner Sp\u00e9cialement con\u00e7u pour assurer un transport routier en garantissant un niveau de [&hellip;]","og_url":"https:\/\/g5transports.ma\/?page_id=406","og_site_name":"G5 Transports","article_modified_time":"2026-04-09T09:59:20+00:00","og_image":[{"width":1550,"height":1030,"url":"https:\/\/g5transports.ma\/wp-content\/uploads\/2019\/04\/banner_slider_2.jpg","type":"image\/jpeg"}],"twitter_card":"summary_large_image","twitter_misc":{"Dur\u00e9e de lecture estim\u00e9e":"2 minutes"},"schema":{"@context":"https:\/\/schema.org","@graph":[{"@type":"WebPage","@id":"https:\/\/g5transports.ma\/?page_id=406","url":"https:\/\/g5transports.ma\/?page_id=406","name":"Moyens - G5 Transports","isPartOf":{"@id":"https:\/\/g5transports.ma\/#website"},"primaryImageOfPage":{"@id":"https:\/\/g5transports.ma\/?page_id=406#primaryimage"},"image":{"@id":"https:\/\/g5transports.ma\/?page_id=406#primaryimage"},"thumbnailUrl":"https:\/\/g5transports.ma\/wp-content\/uploads\/2019\/04\/banner_slider_2-1024x680.jpg","datePublished":"2023-09-13T12:13:46+00:00","dateModified":"2026-04-09T09:59:20+00:00","breadcrumb":{"@id":"https:\/\/g5transports.ma\/?page_id=406#breadcrumb"},"inLanguage":"fr-FR","potentialAction":[{"@type":"ReadAction","target":["https:\/\/g5transports.ma\/?page_id=406"]}]},{"@type":"ImageObject","inLanguage":"fr-FR","@id":"https:\/\/g5transports.ma\/?page_id=406#primaryimage","url":"https:\/\/g5transports.ma\/wp-content\/uploads\/2019\/04\/banner_slider_2.jpg","contentUrl":"https:\/\/g5transports.ma\/wp-content\/uploads\/2019\/04\/banner_slider_2.jpg","width":1550,"height":1030},{"@type":"BreadcrumbList","@id":"https:\/\/g5transports.ma\/?page_id=406#breadcrumb","itemListElement":[{"@type":"ListItem","position":1,"name":"Accueil","item":"https:\/\/g5transports.ma\/"},{"@type":"ListItem","position":2,"name":"Moyens"}]},{"@type":"WebSite","@id":"https:\/\/g5transports.ma\/#website","url":"https:\/\/g5transports.ma\/","name":"G5 Transports","description":"La solution pour le transport routier de vos marchandises.","publisher":{"@id":"https:\/\/g5transports.ma\/#organization"},"potentialAction":[{"@type":"SearchAction","target":{"@type":"EntryPoint","urlTemplate":"https:\/\/g5transports.ma\/?s={search_term_string}"},"query-input":{"@type":"PropertyValueSpecification","valueRequired":true,"valueName":"search_term_string"}}],"inLanguage":"fr-FR"},{"@type":"Organization","@id":"https:\/\/g5transports.ma\/#organization","name":"G5 Transports","url":"https:\/\/g5transports.ma\/","logo":{"@type":"ImageObject","inLanguage":"fr-FR","@id":"https:\/\/g5transports.ma\/#\/schema\/logo\/image\/","url":"https:\/\/g5transports.ma\/wp-content\/uploads\/2023\/09\/Logo-1-1.jpg","contentUrl":"https:\/\/g5transports.ma\/wp-content\/uploads\/2023\/09\/Logo-1-1.jpg","width":2000,"height":1500,"caption":"G5 Transports"},"image":{"@id":"https:\/\/g5transports.ma\/#\/schema\/logo\/image\/"}}]}},"amp_enabled":true,"_links":{"self":[{"href":"https:\/\/g5transports.ma\/index.php?rest_route=\/wp\/v2\/pages\/406","targetHints":{"allow":["GET"]}}],"collection":[{"href":"https:\/\/g5transports.ma\/index.php?rest_route=\/wp\/v2\/pages"}],"about":[{"href":"https:\/\/g5transports.ma\/index.php?rest_route=\/wp\/v2\/types\/page"}],"author":[{"embeddable":true,"href":"https:\/\/g5transports.ma\/index.php?rest_route=\/wp\/v2\/users\/1"}],"replies":[{"embeddable":true,"href":"https:\/\/g5transports.ma\/index.php?rest_route=%2Fwp%2Fv2%2Fcomments&post=406"}],"version-history":[{"count":16,"href":"https:\/\/g5transports.ma\/index.php?rest_route=\/wp\/v2\/pages\/406\/revisions"}],"predecessor-version":[{"id":1011,"href":"https:\/\/g5transports.ma\/index.php?rest_route=\/wp\/v2\/pages\/406\/revisions\/1011"}],"wp:attachment":[{"href":"https:\/\/g5transports.ma\/index.php?rest_route=%2Fwp%2Fv2%2Fmedia&parent=406"}],"curies":[{"name":"wp","href":"https:\/\/api.w.org\/{rel}","templated":true}]}}