{"id":589,"date":"2023-09-19T13:01:55","date_gmt":"2023-09-19T13:01:55","guid":{"rendered":"https:\/\/g5transports.ma\/?page_id=589"},"modified":"2023-09-21T08:57:29","modified_gmt":"2023-09-21T08:57:29","slug":"transport-maroc","status":"publish","type":"page","link":"https:\/\/g5transports.ma\/?page_id=589","title":{"rendered":"Transport Maroc"},"content":{"rendered":"\n<p class=\"gutenify-section-6ed9e520-53af-11ee-9555-ddcb58c99097 gtfy-1\"><\/p>\n\n\n\n<h1 class=\"wp-block-heading has-text-align-center gutenify-section-453e7b10-56eb-11ee-ae19-e1607514ccd8 gtfy-4\">Transport Maroc<\/h1>\n\n\n\n<hr class=\"wp-block-separator has-alpha-channel-opacity is-style-dots gutenify-section-50c67230-56eb-11ee-ae19-e1607514ccd8 gtfy-7\"\/>\n\n\n\n<h2 class=\"wp-block-heading gutenify-section-a8362c90-56eb-11ee-ae19-e1607514ccd8 gtfy-10\">Le sp\u00e9cialiste du transport routier au Maroc<br><\/h2>\n\n\n\n<div class=\"wp-block-media-text is-stacked-on-mobile gutenify-section-5fb5fe50-56eb-11ee-ae19-e1607514ccd8 gtfy-14\" style=\"grid-template-columns:46% auto\"><figure class=\"wp-block-media-text__media\"><img fetchpriority=\"high\" decoding=\"async\" width=\"1024\" height=\"657\" src=\"https:\/\/g5transports.ma\/wp-content\/uploads\/2023\/09\/p038859.png-1-1024x657.webp\" alt=\"\" class=\"wp-image-658 size-full\" srcset=\"https:\/\/g5transports.ma\/wp-content\/uploads\/2023\/09\/p038859.png-1-1024x657.webp 1024w, https:\/\/g5transports.ma\/wp-content\/uploads\/2023\/09\/p038859.png-1-300x193.webp 300w, https:\/\/g5transports.ma\/wp-content\/uploads\/2023\/09\/p038859.png-1-768x493.webp 768w, https:\/\/g5transports.ma\/wp-content\/uploads\/2023\/09\/p038859.png-1.webp 1200w\" sizes=\"(max-width: 1024px) 100vw, 1024px\" \/><\/figure><div class=\"wp-block-media-text__content\">\n<p class=\"gutenify-section-71e28d00-56eb-11ee-ae19-e1607514ccd8 gtfy-13\">Notre entreprise garantit la gestion int\u00e9grale de votre envoi en messagerie, depuis la collecte jusqu&rsquo;au stockage, jusqu&rsquo;\u00e0 sa livraison finale. Vos colis sont pris en charge avec une s\u00e9curit\u00e9 totale par notre r\u00e9seau. Nous mettons \u00e0 votre disposition une vari\u00e9t\u00e9 de v\u00e9hicules, allant des voitures aux poids lourds semi-remorques, pour r\u00e9pondre \u00e0 l&rsquo;ensemble de vos besoins en transport. <\/p>\n<\/div><\/div>\n\n\n\n<p class=\"gutenify-section-94803ec0-56eb-11ee-ae19-e1607514ccd8 gtfy-17\">Nous s\u00e9lectionnons le mode de transport en fonction de la nature de la cargaison, notamment pour le transport de substances dangereuses ou de marchandises volumineuses ayant des dimensions particuli\u00e8res. Chez G5 Transports, nous vous assurons une livraison fiable de vos marchandises \u00e0 toute heure, 7 jours sur 7.<\/p>\n\n\n\n<hr class=\"wp-block-separator has-alpha-channel-opacity gutenify-section-ceb75a10-56eb-11ee-ae19-e1607514ccd8 gtfy-20\"\/>\n\n\n\n<h4 class=\"wp-block-heading has-text-align-center gutenify-section-d2b20750-56eb-11ee-ae19-e1607514ccd8 gtfy-23\">Notre entreprise, qui se sp\u00e9cialise dans le transport de marchandises, propose des services de transport routier \u00e0 l&rsquo;\u00e9chelle nationale, offrant la gamme de services suivante <strong>:<\/strong><\/h4>\n\n\n\n<ul class=\"gutenify-section-34f70aa0-56ec-11ee-ae19-e1607514ccd8 wp-block-list gtfy-31\">\n<li class=\"gutenify-section-5bd461e0-56ec-11ee-ae19-e1607514ccd8 gtfy-26 gutenify-list-item\">Transport de lots partiel ou complets<\/li>\n\n\n\n<li class=\"gutenify-section-5bd52530-56ec-11ee-ae19-e1607514ccd8 gtfy-27 gutenify-list-item\">Transport exceptionnel de masses indivisibles<\/li>\n\n\n\n<li class=\"gutenify-section-832ab9b0-56ec-11ee-ae19-e1607514ccd8 gtfy-28 gutenify-list-item\">Transport frigorifique<\/li>\n\n\n\n<li class=\"gutenify-section-83704e30-56ec-11ee-ae19-e1607514ccd8 gtfy-29 gutenify-list-item\">Transport de palettes en messagerie<\/li>\n\n\n\n<li class=\"gutenify-section-83713890-56ec-11ee-ae19-e1607514ccd8 gtfy-30 gutenify-list-item\">Transport de mati\u00e8res dangereuses<\/li>\n<\/ul>\n","protected":false},"excerpt":{"rendered":"<p>Transport Maroc Le sp\u00e9cialiste du transport routier au Maroc Notre entreprise garantit la gestion int\u00e9grale [&hellip;]<\/p>\n","protected":false},"author":1,"featured_media":0,"parent":0,"menu_order":0,"comment_status":"closed","ping_status":"closed","template":"","meta":{"footnotes":""},"class_list":["post-589","page","type-page","status-publish","hentry"],"yoast_head":"<!-- This site is optimized with the Yoast SEO plugin v27.4 - https:\/\/yoast.com\/product\/yoast-seo-wordpress\/ -->\n<title>Transport Maroc - G5 Transports<\/title>\n<meta name=\"robots\" content=\"index, follow, max-snippet:-1, max-image-preview:large, max-video-preview:-1\" \/>\n<link rel=\"canonical\" href=\"https:\/\/g5transports.ma\/?page_id=589\" \/>\n<meta property=\"og:locale\" content=\"fr_FR\" \/>\n<meta property=\"og:type\" content=\"article\" \/>\n<meta property=\"og:title\" content=\"Transport Maroc - G5 Transports\" \/>\n<meta property=\"og:description\" content=\"Transport Maroc Le sp\u00e9cialiste du transport routier au Maroc Notre entreprise garantit la gestion int\u00e9grale [&hellip;]\" \/>\n<meta property=\"og:url\" content=\"https:\/\/g5transports.ma\/?page_id=589\" \/>\n<meta property=\"og:site_name\" content=\"G5 Transports\" \/>\n<meta property=\"article:modified_time\" content=\"2023-09-21T08:57:29+00:00\" \/>\n<meta name=\"twitter:card\" content=\"summary_large_image\" \/>\n<meta name=\"twitter:label1\" content=\"Dur\u00e9e de lecture estim\u00e9e\" \/>\n\t<meta name=\"twitter:data1\" content=\"1 minute\" \/>\n<script type=\"application\/ld+json\" class=\"yoast-schema-graph\">{\"@context\":\"https:\\\/\\\/schema.org\",\"@graph\":[{\"@type\":\"WebPage\",\"@id\":\"https:\\\/\\\/g5transports.ma\\\/?page_id=589\",\"url\":\"https:\\\/\\\/g5transports.ma\\\/?page_id=589\",\"name\":\"Transport Maroc - G5 Transports\",\"isPartOf\":{\"@id\":\"https:\\\/\\\/g5transports.ma\\\/#website\"},\"primaryImageOfPage\":{\"@id\":\"https:\\\/\\\/g5transports.ma\\\/?page_id=589#primaryimage\"},\"image\":{\"@id\":\"https:\\\/\\\/g5transports.ma\\\/?page_id=589#primaryimage\"},\"thumbnailUrl\":\"https:\\\/\\\/g5transports.ma\\\/wp-content\\\/uploads\\\/2023\\\/09\\\/p038859.png-1-1024x657.webp\",\"datePublished\":\"2023-09-19T13:01:55+00:00\",\"dateModified\":\"2023-09-21T08:57:29+00:00\",\"breadcrumb\":{\"@id\":\"https:\\\/\\\/g5transports.ma\\\/?page_id=589#breadcrumb\"},\"inLanguage\":\"fr-FR\",\"potentialAction\":[{\"@type\":\"ReadAction\",\"target\":[\"https:\\\/\\\/g5transports.ma\\\/?page_id=589\"]}]},{\"@type\":\"ImageObject\",\"inLanguage\":\"fr-FR\",\"@id\":\"https:\\\/\\\/g5transports.ma\\\/?page_id=589#primaryimage\",\"url\":\"https:\\\/\\\/g5transports.ma\\\/wp-content\\\/uploads\\\/2023\\\/09\\\/p038859.png-1-1024x657.webp\",\"contentUrl\":\"https:\\\/\\\/g5transports.ma\\\/wp-content\\\/uploads\\\/2023\\\/09\\\/p038859.png-1-1024x657.webp\"},{\"@type\":\"BreadcrumbList\",\"@id\":\"https:\\\/\\\/g5transports.ma\\\/?page_id=589#breadcrumb\",\"itemListElement\":[{\"@type\":\"ListItem\",\"position\":1,\"name\":\"Accueil\",\"item\":\"https:\\\/\\\/g5transports.ma\\\/\"},{\"@type\":\"ListItem\",\"position\":2,\"name\":\"Transport Maroc\"}]},{\"@type\":\"WebSite\",\"@id\":\"https:\\\/\\\/g5transports.ma\\\/#website\",\"url\":\"https:\\\/\\\/g5transports.ma\\\/\",\"name\":\"G5 Transports\",\"description\":\"La solution pour le transport routier de vos marchandises.\",\"publisher\":{\"@id\":\"https:\\\/\\\/g5transports.ma\\\/#organization\"},\"potentialAction\":[{\"@type\":\"SearchAction\",\"target\":{\"@type\":\"EntryPoint\",\"urlTemplate\":\"https:\\\/\\\/g5transports.ma\\\/?s={search_term_string}\"},\"query-input\":{\"@type\":\"PropertyValueSpecification\",\"valueRequired\":true,\"valueName\":\"search_term_string\"}}],\"inLanguage\":\"fr-FR\"},{\"@type\":\"Organization\",\"@id\":\"https:\\\/\\\/g5transports.ma\\\/#organization\",\"name\":\"G5 Transports\",\"url\":\"https:\\\/\\\/g5transports.ma\\\/\",\"logo\":{\"@type\":\"ImageObject\",\"inLanguage\":\"fr-FR\",\"@id\":\"https:\\\/\\\/g5transports.ma\\\/#\\\/schema\\\/logo\\\/image\\\/\",\"url\":\"https:\\\/\\\/g5transports.ma\\\/wp-content\\\/uploads\\\/2023\\\/09\\\/Logo-1-1.jpg\",\"contentUrl\":\"https:\\\/\\\/g5transports.ma\\\/wp-content\\\/uploads\\\/2023\\\/09\\\/Logo-1-1.jpg\",\"width\":2000,\"height\":1500,\"caption\":\"G5 Transports\"},\"image\":{\"@id\":\"https:\\\/\\\/g5transports.ma\\\/#\\\/schema\\\/logo\\\/image\\\/\"}}]}<\/script>\n<!-- \/ Yoast SEO plugin. -->","yoast_head_json":{"title":"Transport Maroc - G5 Transports","robots":{"index":"index","follow":"follow","max-snippet":"max-snippet:-1","max-image-preview":"max-image-preview:large","max-video-preview":"max-video-preview:-1"},"canonical":"https:\/\/g5transports.ma\/?page_id=589","og_locale":"fr_FR","og_type":"article","og_title":"Transport Maroc - G5 Transports","og_description":"Transport Maroc Le sp\u00e9cialiste du transport routier au Maroc Notre entreprise garantit la gestion int\u00e9grale [&hellip;]","og_url":"https:\/\/g5transports.ma\/?page_id=589","og_site_name":"G5 Transports","article_modified_time":"2023-09-21T08:57:29+00:00","twitter_card":"summary_large_image","twitter_misc":{"Dur\u00e9e de lecture estim\u00e9e":"1 minute"},"schema":{"@context":"https:\/\/schema.org","@graph":[{"@type":"WebPage","@id":"https:\/\/g5transports.ma\/?page_id=589","url":"https:\/\/g5transports.ma\/?page_id=589","name":"Transport Maroc - G5 Transports","isPartOf":{"@id":"https:\/\/g5transports.ma\/#website"},"primaryImageOfPage":{"@id":"https:\/\/g5transports.ma\/?page_id=589#primaryimage"},"image":{"@id":"https:\/\/g5transports.ma\/?page_id=589#primaryimage"},"thumbnailUrl":"https:\/\/g5transports.ma\/wp-content\/uploads\/2023\/09\/p038859.png-1-1024x657.webp","datePublished":"2023-09-19T13:01:55+00:00","dateModified":"2023-09-21T08:57:29+00:00","breadcrumb":{"@id":"https:\/\/g5transports.ma\/?page_id=589#breadcrumb"},"inLanguage":"fr-FR","potentialAction":[{"@type":"ReadAction","target":["https:\/\/g5transports.ma\/?page_id=589"]}]},{"@type":"ImageObject","inLanguage":"fr-FR","@id":"https:\/\/g5transports.ma\/?page_id=589#primaryimage","url":"https:\/\/g5transports.ma\/wp-content\/uploads\/2023\/09\/p038859.png-1-1024x657.webp","contentUrl":"https:\/\/g5transports.ma\/wp-content\/uploads\/2023\/09\/p038859.png-1-1024x657.webp"},{"@type":"BreadcrumbList","@id":"https:\/\/g5transports.ma\/?page_id=589#breadcrumb","itemListElement":[{"@type":"ListItem","position":1,"name":"Accueil","item":"https:\/\/g5transports.ma\/"},{"@type":"ListItem","position":2,"name":"Transport Maroc"}]},{"@type":"WebSite","@id":"https:\/\/g5transports.ma\/#website","url":"https:\/\/g5transports.ma\/","name":"G5 Transports","description":"La solution pour le transport routier de vos marchandises.","publisher":{"@id":"https:\/\/g5transports.ma\/#organization"},"potentialAction":[{"@type":"SearchAction","target":{"@type":"EntryPoint","urlTemplate":"https:\/\/g5transports.ma\/?s={search_term_string}"},"query-input":{"@type":"PropertyValueSpecification","valueRequired":true,"valueName":"search_term_string"}}],"inLanguage":"fr-FR"},{"@type":"Organization","@id":"https:\/\/g5transports.ma\/#organization","name":"G5 Transports","url":"https:\/\/g5transports.ma\/","logo":{"@type":"ImageObject","inLanguage":"fr-FR","@id":"https:\/\/g5transports.ma\/#\/schema\/logo\/image\/","url":"https:\/\/g5transports.ma\/wp-content\/uploads\/2023\/09\/Logo-1-1.jpg","contentUrl":"https:\/\/g5transports.ma\/wp-content\/uploads\/2023\/09\/Logo-1-1.jpg","width":2000,"height":1500,"caption":"G5 Transports"},"image":{"@id":"https:\/\/g5transports.ma\/#\/schema\/logo\/image\/"}}]}},"amp_enabled":true,"_links":{"self":[{"href":"https:\/\/g5transports.ma\/index.php?rest_route=\/wp\/v2\/pages\/589","targetHints":{"allow":["GET"]}}],"collection":[{"href":"https:\/\/g5transports.ma\/index.php?rest_route=\/wp\/v2\/pages"}],"about":[{"href":"https:\/\/g5transports.ma\/index.php?rest_route=\/wp\/v2\/types\/page"}],"author":[{"embeddable":true,"href":"https:\/\/g5transports.ma\/index.php?rest_route=\/wp\/v2\/users\/1"}],"replies":[{"embeddable":true,"href":"https:\/\/g5transports.ma\/index.php?rest_route=%2Fwp%2Fv2%2Fcomments&post=589"}],"version-history":[{"count":4,"href":"https:\/\/g5transports.ma\/index.php?rest_route=\/wp\/v2\/pages\/589\/revisions"}],"predecessor-version":[{"id":740,"href":"https:\/\/g5transports.ma\/index.php?rest_route=\/wp\/v2\/pages\/589\/revisions\/740"}],"wp:attachment":[{"href":"https:\/\/g5transports.ma\/index.php?rest_route=%2Fwp%2Fv2%2Fmedia&parent=589"}],"curies":[{"name":"wp","href":"https:\/\/api.w.org\/{rel}","templated":true}]}}